4.
59
What is the highest common factor of 234 and 147342?
78
What is the greatest common divisor of 231 and 10635?
3
What is the greatest common factor of 1296 and 238356?
108
Calculate the highest common divisor of 1215476 and 2216.
1108
What is the highest common factor of 111 and 2355?
3
Calculate the greatest common divisor of 227595 and 15.
15
What is the greatest common divisor of 1830 and 2029836?
366
What is the highest common factor of 5112 and 101956?
284
Calculate the greatest common divisor of 507765 and 15.
15
What is the highest common factor of 1724 and 740?
4
Calculate the highest common factor of 216 and 1143612.
108
What is the highest common factor of 43990 and 6557?
83
Calculate the greatest common divisor of 126414 and 36.
18
Calculate the highest common factor of 335 and 11825.
5
What is the greatest common divisor of 239544 and 729?
27
What is the greatest common divisor of 167919 and 22077?
669
Calculate the greatest common divisor of 54520 and 80.
40
Calculate the highest common divisor of 3785538 and 244.
122
Calculate the highest common divisor of 5838541 and 58.
29
Calculate the greatest common factor of 160218 and 2838.
258
What is the greatest common divisor of 475217 and 282?
47
What is the highest common factor of 41608 and 88?
8
What is the highest common divisor of 42572 and 1508?
116
Calculate the greatest common divisor of 1823 and 79.
1
Calculate the greatest common factor of 84 and 6962172.
84
What is the highest common divisor of 20 and 530?
10
Calculate the highest common divisor of 2412 and 10782.
18
What is the highest common factor of 107 and 5060351?
107
What is the highest common divisor of 476523 and 954?
477
What is the highest common factor of 196470 and 1998?
666
Calculate the greatest common divisor of 4529 and 4151.
7
What is the greatest common divisor of 129 and 71595?
129
What is the greatest common factor of 20928 and 192?
192
Calculate the highest common divisor of 650224 and 48.
16
What is the highest common divisor of 108 and 94212?
36
What is the greatest common divisor of 3770429 and 13?
13
Calculate the greatest common factor of 45 and 140090.
5
What is the greatest common divisor of 143 and 127006?
11
What is the greatest common divisor of 5472 and 78?
6
What is the greatest common divisor of 251189 and 717?
239
Calculate the greatest common factor of 11775 and 20567.
157
Calculate the highest common divisor of 30 and 216450.
30
What is the highest common factor of 301800 and 200?
200
Calculate the highest common divisor of 24432 and 12725.
509
What is the highest common factor of 346 and 185802?
346
Calculate the greatest common divisor of 50069 and 2.
1
Calculate the greatest common divisor of 108 and 210152.
4
Calculate the greatest common factor of 6931 and 87.
29
Calculate the greatest common factor of 8151 and 7657.
247
Calculate the highest common divisor of 1034 and 118346.
94
Calculate the greatest common divisor of 897 and 329199.
897
Calculate the highest common factor of 108544 and 352.
32
What is the highest common divisor of 21482 and 46?
46
What is the highest common divisor of 3960 and 33627?
33
Calculate the highest common divisor of 183 and 709674.
183
Calculate the greatest common factor of 7335 and 556645.
815
Calculate the greatest common divisor of 18382722 and 1086.
1086
What is the greatest common factor of 46942 and 51253?
479
What is the highest common factor of 165 and 223223?
11
What is the greatest common factor of 558 and 10478?
62
Calculate the greatest common divisor of 3613869 and 135.
27
What is the highest common divisor of 3 and 128784?
3
Calculate the highest common divisor of 39 and 145249.
13
Calculate the highest common factor of 2617295 and 5.
5
What is the greatest common factor of 72 and 445336?
8
Calculate the highest common factor of 29502 and 360.
18
What is the highest common factor of 2262 and 6591?
39
What is the greatest common divisor of 76178 and 656?
82
What is the highest common divisor of 754 and 6019?
13
Calculate the highest common factor of 3582786 and 3.
3
Calculate the highest common divisor of 146736 and 384.
48
Calculate the highest common divisor of 353 and 199798.
353
Calculate the highest common factor of 64644 and 144.
12
Calculate the greatest common factor of 125352 and 120.
24
What is the highest common factor of 26634 and 1242?
138
Calculate the highest common divisor of 15 and 136320.
15
What is the greatest common divisor of 6993 and 2835?
189
Calculate the highest common divisor of 9534 and 350.
14
What is the greatest common factor of 16128 and 684?
36
Calculate the greatest common divisor of 867911 and 121.
11
Calculate the highest common divisor of 9500 and 608.
76
Calculate the highest common factor of 258 and 20941.
43
What is the greatest common divisor of 30 and 23350?
10
What is the highest common factor of 7879 and 7?
1
What is the highest common divisor of 1088 and 1417664?
1088
What is the greatest common divisor of 70 and 15630?
10
Calculate the greatest common divisor of 40 and 488860.
20
Calculate the greatest common divisor of 9 and 9796716.
9
Calculate the highest common factor of 19225 and 175.
25
What is the greatest common divisor of 1491 and 1848?
21
Calculate the greatest common factor of 18 and 1458630.
18
What is the greatest common divisor of 49 and 1638?
7
Calculate the greatest common factor of 1092 and 141180.
156
Calculate the greatest common divisor of 82 and 341.
1
Calculate the greatest common divisor of 352032 and 1140.
228
Calculate the highest common factor of 32 and 64864.
32
What is the highest common factor of 737689 and 251?
251
What is the highest common divisor of 50750 and 100?
50
What is the highest common factor of 578900 and 1400?
700
What is the greatest common divisor of 18204 and 574?
82
Calculate the highest common factor of 9539060 and 20.
20
Calculate the greatest common factor of 565338 and 885.
177
What is the highest common factor of 31388 and 140?
28
What is the highest common divisor of 102104 and 8?
8
What is the greatest common factor of 620 and 2440?
20
What is the highest common factor of 300900 and 125?
25
What is the greatest common divisor of 35431 and 902?
11
Calculate the highest common factor of 36 and 34024.
4
Calculate the highest common divisor of 853 and 5982089.
853
What is the greatest common divisor of 2441032 and 88?
88
What is the highest common divisor of 27204 and 468?
12
Calculate the greatest common divisor of 126 and 58842.
126
What is the greatest common divisor of 40 and 277830?
10
Calculate the greatest common divisor of 38710 and 196.
98
Calculate the greatest common divisor of 22200 and 200984.
296
Calculate the greatest common divisor of 805365 and 495.
495
Calculate the highest common divisor of 3381 and 13083.
147
Calculate the greatest common divisor of 1356924 and 876.
876
Calculate the greatest common divisor of 75 and 41575.
25
What is the highest common divisor of 6762 and 39396?
294
What is the greatest common divisor of 25 and 19235?
5
Calculate the highest common divisor of 114195 and 5865.
345
What is the highest common divisor of 131014 and 3172?
26
Calculate the highest common factor of 364 and 107289.
91
What is the highest common divisor of 96356 and 13039?
221
Calculate the highest common divisor of 230148 and 144.
36
What is the greatest common divisor of 2304 and 622336?
256
Calculate the greatest common divisor of 23407 and 890.
89
Calculate the greatest common factor of 1606 and 198.
22
What is the highest common divisor of 4888 and 143?
13
What is the greatest common divisor of 112 and 341768?
56
What is the highest common divisor of 2499 and 612?
51
What is the highest common divisor of 2170 and 465682?
434
Calculate the highest common divisor of 54 and 241758.
54
Calculate the greatest common divisor of 78603 and 197.
197
What is the highest common factor of 165 and 7665?
15
What is the greatest common divisor of 10 and 86135?
5
Calculate the highest common divisor of 900 and 3612780.
180
Calculate the greatest common factor of 528 and 1794320.
176
Calculate the highest common factor of 313020 and 225.
45
What is the highest common factor of 9784 and 1464?
8
What is the highest common factor of 760 